st common divisor of 191894307 and 44?
11
Calculate the greatest common divisor of 79571756 and 15852.
5284
Calculate the greatest common factor of 4637582 and 7.
1
Calculate the greatest common factor of 3761190 and 15800.
790
What is the highest common factor of 5304269 and 82636?
283
What is the highest common factor of 4366488 and 202872?
1896
What is the greatest common divisor of 854 and 35455396?
122
What is the highest common factor of 609081176 and 548?
548
What is the highest common factor of 1337207 and 2109426?
1031
Calculate the greatest common factor of 4519930 and 7737266.
7118
Calculate the highest common factor of 1778421062 and 94.
94
What is the greatest common factor of 10649586 and 6?
6
What is the greatest common factor of 19825 and 184525?
1525
What is the greatest common factor of 147314 and 54312?
146
What is the highest common factor of 112825932 and 6396?
492
Calculate the greatest common divisor of 1457982 and 12112.
1514
Calculate the highest common divisor of 217 and 1467974.
31
What is the greatest common divisor of 34013 and 2841272?
791
What is the highest common divisor of 6027 and 58917?
123
What is the highest common factor of 17085520 and 36080?
3280
Calculate the highest common divisor of 1596 and 5091924.
228
Calculate the greatest common divisor of 40 and 190051380.
20
What is the highest common factor of 4733624 and 728?
56
Calculate the greatest common divisor of 169184 and 508796.
1244
What is the highest common factor of 176 and 105853?
11
What is the highest common factor of 1137644 and 3040?
76
What is the highest common divisor of 235711 and 7637?
7
What is the highest common divisor of 6977412 and 217152?
468
What is the highest common factor of 145 and 38281885?
145
What is the greatest common divisor of 187 and 58784759?
187
What is the greatest common factor of 1027 and 5973851?
13
Calculate the greatest common factor of 187761 and 19.
1
What is the highest common factor of 59630 and 5627470?
890
What is the greatest common factor of 28462 and 72226?
14
What is the highest common factor of 5514885 and 8991?
243
What is the greatest common factor of 112 and 706132?
28
Calculate the highest common factor of 19 and 1980541.
19
Calculate the greatest common factor of 5338839 and 66.
33
What is the greatest common divisor of 596 and 262091596?
596
What is the greatest common factor of 184715557 and 3757?
221
What is the highest common factor of 17741005 and 2655?
295
What is the greatest common divisor of 183965241 and 28725?
1149
Calculate the highest common factor of 6172026 and 6.
6
What is the greatest common divisor of 16097360 and 21770?
3110
Calculate the greatest common divisor of 4593939 and 10049.
773
What is the highest common divisor of 67359328 and 1376?
1376
Calculate the greatest common factor of 2918991 and 1891.
31
Calculate the greatest common factor of 29 and 34222262.
29
Calculate the highest common factor of 3318 and 41498226.
3318
Calculate the greatest common factor of 186801 and 944529.
2631
Calculate the greatest common factor of 3073300 and 487640.
1460
Calculate the highest common factor of 32335 and 619295.
145
Calculate the greatest common divisor of 443021 and 171206180.
14291
Calculate the highest common factor of 32484039 and 10878.
777
Calculate the greatest common factor of 2242393 and 497.
71
What is the highest common divisor of 10328 and 183651205?
1291
Calculate the greatest common divisor of 55 and 855680650.
55
Calculate the greatest common factor of 29968292 and 16.
4
Calculate the highest common divisor of 17 and 47551006.
17
Calculate the greatest common divisor of 152530 and 12950.
70
What is the highest common divisor of 1815 and 2492925?
15
What is the greatest common factor of 873122 and 3286?
106
Calculate the highest common divisor of 77 and 61223008.
77
What is the greatest common divisor of 945892 and 31328?
356
What is the highest common factor of 9318 and 691?
1
What is the highest common factor of 39 and 8518133?
13
What is the highest common factor of 37 and 18707977?
37
Calculate the highest common factor of 889 and 141883.
7
What is the greatest common factor of 2460936 and 24?
24
Calculate the greatest common divisor of 6158759 and 4350.
29
What is the greatest common divisor of 83 and 20210168?
83
What is the highest common factor of 14015400 and 17466?
426
What is the greatest common factor of 1411840 and 56320?
1280
What is the greatest common factor of 6103 and 54451?
17
Calculate the highest common divisor of 12 and 7448028.
12
Calculate the highest common factor of 170 and 320314.
34
Calculate the greatest common divisor of 9 and 28661517.
9
Calculate the greatest common divisor of 66976700 and 420.
140
Calculate the greatest common factor of 1808031115 and 11.
11
Calculate the greatest common divisor of 680 and 24033580.
340
Calculate the highest common divisor of 66673 and 615359.
1093
What is the greatest common divisor of 12575888 and 192?
16
Calculate the highest common factor of 9225 and 85465197.
369
Calculate the highest common factor of 746309845 and 15765.
5255
What is the greatest common factor of 1313185 and 247779?
437
Calculate the greatest common factor of 13521673 and 1023.
341
Calculate the greatest common divisor of 21671 and 3913.
13
What is the greatest common divisor of 1194222 and 996?
6
Calculate the greatest common factor of 5871 and 222186.
57
What is the greatest common divisor of 2453728343 and 4807?
4807
Calculate the greatest common divisor of 618262740 and 27.
27
Calculate the highest common divisor of 28384685 and 930.
155
Calculate the highest common divisor of 6486539 and 548.
137
What is the greatest common factor of 19224 and 18640800?
216
Calculate the highest common divisor of 12927 and 212334593.
4309
What is the highest common factor of 13083 and 137772?
267
What is the highest common factor of 1494 and 12477?
3
Calculate the greatest common factor of 224771368 and 19.
19
Calculate the greatest common factor of 705 and 21208185.
15
What is the highest common divisor of 5340 and 17680?
20
Calculate the greatest common divisor of 20312658 and 10854.
1206
Calculate the highest common divisor of 3169523 and 2128.
133
What is the highest common divisor of 10073188 and 236?
236
What is the highest common divisor of 21824728 and 1592?
1592
What is the greatest common factor of 3290 and 4636100?
70
Calculate the highest common divisor of 38167440 and 5341.
109
Calculate the greatest common factor of 445 and 613887735.
445
What is the highest common divisor of 916 and 141996?
4
Calculate the greatest common divisor of 160 and 249055.
5
What is the greatest common divisor of 312919 and 6399?
79
Calculate the greatest common factor of 11991 and 868120421.
3997
What is the highest common factor of 1269576 and 3553704?
5544
What is the greatest common factor of 190 and 1052630?
10
Calculate the highest common divisor of 84 and 203740068.
84
What is the greatest common divisor of 40 and 3193179540?
20
What is the greatest common divisor of 398866 and 106858?
1058
Calculate the highest common factor of 4335632 and 497.
7
What is the highest common divisor of 36 and 4526946?
18
What is the greatest common factor of 124 and 45443179?
31
Calculate the highest common divisor of 14139315 and 13380.
3345
Calculate the highest common factor of 24358253 and 13343.
1213
What is the greatest common divisor of 422516 and 679036?
212
What is the highest common factor of 31419448 and 8?
8
Calculate the greatest common factor of 2737292 and 43548.
76
What is the greatest common factor of 230203848 and 164?
164
Calculate the greatest common divisor of 1911 and 126756483.
147
What is the highest common divisor of 1740 and 481415370?
870
Calculate the greatest common factor of 39452491 and 52.
13
Calculate the greatest common factor of 312 and 4535544.
312
Calculate the highest common divisor of 33467 and 5664119.
683
What is the highest common divisor of 28 and 920129?
7
What is the greatest common factor of 18359894 and 106446?
314
Calculate the highest common factor of 2 and 1517053.
1
Calculate the greatest common factor of 1575470186 and 1108.
554
Calculate the greatest common factor of 1682878068 and 71.
71
Calculate 